e i(b).
27
Suppose 3*c + 14 = -4. Let g(u) be the second derivative of u**5/20 + 7*u**4/12 + 5*u**3/6 + 3*u**2 + 22533*u. Calculate g(c).
12
Let x(a) = -1 - 22652*a**2 + a**3 + 22652*a**2 + 4. What is x(-2)?
-5
Let y(d) = 3*d**3 - 6. Let q(z) = 5*z**3 - 11. Let w(x) = -4*q(x) + 7*y(x). Suppose 123*r - 5*v = 128*r, -v + 6 = -2*r. Determine w(r).
-6
Let b(d) = -d**3 - 66*d**2 - 187*d + 111. Let k be b(-63). Let n(h) = 10*h**2 + 147*h - 40. Give n(k).
5
Let n(t) = -46*t - 2. Let c(k) = -375*k + 56. Let m(q) = c(q) - 8*n(q). Determine m(12).
-12
Let f(o) = 12*o + 24. Let k(t) = -3*t - 9. Let i(n) = -f(n) - 3*k(n). Determine i(-9).
30
Let x(z) be the third derivative of -5*z**4/24 - z**3/6 - 46*z**2. Let c be ((-4)/12 - -1)*30. Suppose 2*u = 6*u + c. What is x(u)?
24
Let n(h) = -h**2 + 13*h - 2. Let j be n(7). Suppose -52*c = -44*c + j. Let a(k) = -3*k**2 - 7*k - 5. Give a(c).
-45
Let v(y) = y**3 - 9*y**2 + 2*y - 10. Let c be (-1)/((-34)/(-6) - 6). Suppose -c*k - 15 = 0, -4*k - 6 + 4 = 2*l. Determine v(l).
8
Let g(w) = 42*w + 3777. Let y be g(-90). Let v(q) = -q**2 - 3*q**2 - q**3 + 3 - 3*q - q**2. What is v(y)?
-6
Let u(p) be the first derivative of 2*p**3/3 + 11*p**2/2 + 16*p - 1608. What is u(-3)?
1
Let s(u) be the first derivative of u**2/2 - 2*u + 3. Let w(z) = -z - 21. Let x be w(-21). Suppose 3*a = i - 10, x + 20 = -3*i - a. What is s(i)?
-7
Let w be (-16)/((-2880)/(-885)) - -5. Let c(y) be the second derivative of 0 - 5/6*y**3 - 2*y**2 + 3*y - w*y**4. Determine c(-3).
2
Let o be (-2)/15 + ((-39)/45 - -1). Suppose -t = -4*g - 12, -4*g - 24 = 2*t - o. Let s(p) = 26 + 5*p**2 + 3*p - 25 + p**3 + 2*p. Give s(g).
-3
Let s(f) = 2*f**2 - 8*f - 5. Let c(k) = -k**2 + 46*k - 277. Let h be c(39). What is s(h)?
59
Let w(f) = 7*f**3 - f**2 + 5*f + 14. Let t(x) = 3*x**3 + 2*x + 6. Let d(y) = 5*t(y) - 2*w(y). Let m be -1*(-5 - -8) + -1. What is d(m)?
-30
Let b(h) = h**2 + 4*h - 3. Let l be b(-3). Let u(n) = 32*n + 51. Let q(r) = -71*r - 111. Let y(k) = 4*q(k) + 9*u(k). Give y(l).
-9
Let p = 523 - 404. Let c(h) = -5*h**2 - 2 - 119*h - p*h + 236*h. Calculate c(-3).
-41
Suppose -90*i - 88 = -94*i. Let h(x) = -3*x - 11 + 21*x - i*x. Calculate h(-9).
25
Let a(y) = y**3 + 4*y**2 + 2*y - 2. Suppose 2*f - 102 = 4*r - 2*r, 5*f - 253 = 4*r. Let b = -85 + f. Let o be 1/((-3)/b*-3). Give a(o).
-10
Let j(v) be the second derivative of 1/3*v**3 - 1/3*v**4 + 0 + 1/2*v**2 + 44*v. Determine j(-1).
-5
Let j(t) = 2*t + 1. Let y(f) = -f**3 - 32*f**2 - 3*f - 56. Let z be y(-32). Suppose -5*d - 8 = -2*c + 11, 3*d = -c + 4. Suppose -k = c*k + z. Calculate j(k).
-9
Let v(c) = -3*c**2 - 6*c - 5. Let w(r) = 2*r**2 + 4*r + 3. Let b(d) = -3*v(d) - 5*w(d). Calculate b(3).
-15
Suppose 3*m + 3*g - 1710 = 6*g, g - 2 = 0. Let c(p) be the first derivative of 571*p**2 - m*p**2 - 3*p - 2*p - 34. Calculate c(-6).
7
Let b(l) = 5*l - 1. Let w = 539 - 536. Let i be 291/485*10*1/w. Calculate b(i).
9
Let l(u) = 24*u + 70. Let n(s) = 62*s + 174. Let t(y) = 12*l(y) - 5*n(y). Determine t(-7).
124
Let b(s) be the third derivative of s**4/24 + 5*s**3/6 + 3*s**2. Suppose -14*x - 14*x = -9*x - 114. Give b(x).
11
Let x(d) = 6*d - 2*d - 3*d + 196*d**2 - 105*d**2 - 98*d**2. Give x(-2).
-30
Let m be 1/(27/(-6) + 5). Suppose -2*o + 3*b = 19, -m*o - 5*b + 2 = -b. Let t(f) = -4*f - 3. Let q(s) = -s - 1. Let w(z) = -5*q(z) + t(z). Determine w(o).
-3
Let r(s) = -s**3 - 8*s**2 - 6*s - 36. Let n(i) = 679*i - 687. Let o be n(1). Calculate r(o).
12
Let t be 0/2 + (-10)/(-5). Suppose -3*v - 220 = -253. Let y(q) = 12*q**t + 4*q - 2 - 2*q - v*q**2. Determine y(-6).
22
Let o(a) = 7*a**2 + 45*a**3 + 49*a**3 + 34 - 132*a**3 + 6*a + 39*a**3. What is o(-7)?
-8
Suppose 5*n = -b + 15, -4*n - n + 5*b = -15. Let q(g) = 21*g - 7*g - 6*g + 1 - n*g + 0*g. Calculate q(-1).
-4
Let y be (-12)/(-1) + (3 - (1 - -3)). Let d(r) = -3*r + 37. What is d(y)?
4
Let j(a) = 2*a**3 + 10*a**2 - 13*a - 1. Let d(q) = -q**3 - 56*q**2 - 144*q - 1950. Let z be d(-54). Give j(z).
5
Let g(d) = 12*d**2 + 6*d + 1. Let b(a) = 2*a**2 + 2*a. Let w(y) = 3*b(y) - g(y). Let p be (-5 + 8/4)*-1. Suppose -m - p*m = 4. Give w(m).
-7
Let c(b) = 3*b**2 + 6*b + 4. Let v be c(-2). Suppose 5*l = 30 - 5. Let t(y) = -2*y**2 - y**2 + 2*y**2 + l + 4*y + y**3 - 5*y**2. Determine t(v).
-11
Let d be (-9)/(-15) + 8/20. Let q be 1/2 - 10*d/4. Let u(w) = -w**2 - 2*w + 1. Calculate u(q).
1
Let h(u) be the third derivative of -u**4/12 - 7*u**3/6 + 2*u**2. Suppose 0 = 23*d - 214 - 154. Suppose -2*o = m - 7, -4*m = -7*m - o + d. Give h(m).
-17
Let d(c) = -c**3 - 3*c**2 + 16*c - 4. Let f = -16855 - -16849. Calculate d(f).
8
Let q(n) = -n**3 + 12*n**2 + 6*n. Let d(j) = 2*j**3 - 23*j**2 - 11*j. Let k(u) = -6*d(u) - 11*q(u). Suppose -23*w = 39162 - 39300. Give k(w).
0
Let w(g) = -358*g - 32. Let o(u) = 956*u + 97. Let z(n) = -3*o(n) - 8*w(n). What is z(-10)?
5
Let n = 35 + -33. Let r be n/12*22 + 6/(-9). Let z(x) = -7*x - 2 + r + 2*x - 4*x**2 + x**3 + 3*x. Determine z(-2).
-19
Suppose 11*a = 12*a + 4, -2*t + 62 = -2*a. Suppose 0 = 15*s + t*s + 42. Let h(w) = 7*w**3 + w + 1. Give h(s).
-7
Let q(g) = 17*g + 13 + 0*g**2 + 4*g**2 - 2 - 3*g**2. Give q(-14).
-31
Suppose 347 = 2*x + 337. Let g(z) = 4*z**3 + 488 - 5*z**2 - 3*z**3 + z - 481. What is g(x)?
12
Let c = -67025 + 67022. Let x(h) = 9*h - 4*h + 3 + 1. What is x(c)?
-11
Let z be 180/33 - 180/(-330). Let x(s) = -z*s**3 + 1 + 3*s - 3*s + 11172*s**2 + s - 11173*s**2. Determine x(-1).
5
Suppose -3*a - 24 = -0*a + 4*w, 0 = a - 5*w + 8. Let p(u) = 5*u + 1. Calculate p(a).
-39
Let i(p) = -5*p**2 + 36*p + 12. Let v(l) = 6*l**2 - 41*l - 11. Let k(z) = 5*i(z) + 4*v(z). Determine k(13).
55
Let k(u) = 75*u**2 + 6*u + 30. Let c(m) = -31*m**2 - 2*m - 12. Let a(g) = -12*c(g) - 5*k(g). Let j = -24 - -20. Calculate a(j).
-30
Let j(n) = n**2 - 20*n - 27. Let p(h) = -2*h**3 + 130*h**2 - 10*h + 671. Let o be p(65). Determine j(o).
-6
Let t(f) = 3*f**2 + 5*f - 1. Let o(g) = -10*g**2 - 16*g + 3. Let v(q) = -2*o(q) - 7*t(q). Let w be 57/9 + (-4)/3. Suppose -w*k + 10 = 30. Determine v(k).
-3
Let n(c) = c**3 + 4*c**2 + c + 2. Let f = 2417 - 2420. Give n(f).
8
Suppose -x + 13 = 3*p, 0*x + 2*x + p - 16 = 0. Let d(a) = -8*a**2 - 5*a + 26. Let s(u) = -9*u**2 - 6*u + 30. Let v(l) = x*d(l) - 6*s(l). Give v(4).
-26
Let y(i) = -2 + 3 + i**2 - 5 - 7*i - 8. Suppose -303 = -63*b + 264. Determine y(b).
6
Let i(s) = s**3 - 3*s - 4*s + 499 - 496 - 6*s**2. Determine i(5).
-57
Let p(k) = -61*k + 359. Let b be -4*3/5*(-120)/(-96)*-2. Give p(b).
-7
Suppose 35*u - 31*u + 34 = -2*v, 5 = -u + 3*v. Let p(l) = -l**2 - 23*l - 128. What is p(u)?
-8
Let j be (-56)/16*(-36)/42. Let t(s) be the third derivative of s**5/30 + s**4/8 + s**3/2 - s**2. Give t(j).
30
Suppose -13024*s + 20 = -13022*s. Let m(f) = 28*f - 288. Calculate m(s).
-8
Suppose r = -r + 54. Suppose -3*o + 12 = -r. Let v(h) = 1 + 13*h**2 + h - o*h**2 + 17*h**2. Calculate v(-1).
17
Suppose -30*l = 1172 + 178. Let c(x) = 2*x**2 + 94*x + 176. Determine c(l).
-4
Let h = -305 - -380. Suppose 13*l + h = -2*l. Let w(d) = 4*d + 11. Let x(t) = t + 4. Let p(v) = -2*w(v) + 7*x(v). Calculate p(l).
11
Let b = -31989 + 383869/12. Let d(m) be the third derivative of 0*m + b*m**4 + 2*m**2 + 0 - 1/15*m**5 + 1/120*m**6 + 2/3*m**3. Give d(4).
12
Let d(p) = -3*p**2 + 19*p. Let h be d(6). Let z(b) = h + 4*b**2 + 87*b - b**3 + 0 - 40*b - 44*b. Give z(5).
-4
Let y be (-3*2/(-15))/(15/75). Suppose y*m = 4 - 0. Suppose -10 + m = 4*b. Let a(u) = 5*u**2 + 2. Calculate a(b).
22
Let s(j) = 0 - 273*j + 267*j + 3. Give s(2).
-9
Let r(d) be the second derivative of -2*d**3 + 8*d + 1. Calculate r(-2).
24
Let a(o) be the first derivative of o**6/360 - 7*o**5/120 + 5*o**4/24 + 2*o**3/3 + 31*o - 90. Let h(n) be the third derivative of a(n). Give h(7).
5
Suppose -82*i + 192 = 438. Let w(g) = 5*g**3 + 0*g**3 + 0*g**2 + 3*g**2 + 3 + 3*g - 4*g**3. Give w(i).
-6
Let w(g) = 19*g - 73. Let a = -2608 - -2612. What is w(a)?
3
Let w(d) = -167*d**2 + 3*d + 222. Let k(l) = 59*l**2 - 74. Let h(j) = 17*k(j) + 6*w(j). Determine h(-7).
-3
Let b(l) = 3*l**2 - 12*l + 1. Let q = 249 - 243. Give b(q).
37
Let k(u) = u**3 + 7*u**2 + 4*u + 12. Suppose -22*y + f = -23*y - 3, -2*f = -5*y - 43. Give k(y).
-16
Let i = 109 + -106. Suppose 0 = h - 3*p + 1 + 18, i*h + 3*p - 3 = 0. Let 